f k?
2
What is the tens digit of -2 - 3/((-3)/22)?
2
Let i(y) = 8*y**2 - y + 2. Let q be i(-2). Suppose 2*p - 14 = q. What is the units digit of p?
5
Let i = 0 - -2. Let g(r) = r**2 - 2. Let z be g(i). Suppose 0 = d + 4*u - 0 + 7, -4*d - 3*u - z = 0. What is the units digit of d?
1
Suppose -166 = p - 2*p. What is the hundreds digit of p?
1
Let j be (-1)/3 + (-14)/(-6). Suppose -3*w - 4*k + 5 = 0, -w + 4*k - 9*k = -9. Let x = w + j. What is the units digit of x?
1
Let j(u) = -u**3 + u**2 + u + 45. Suppose 0 = -x - 3*x. What is the units digit of j(x)?
5
Suppose 0 = 2*n - 0 - 4. Suppose -n*b + 0*b = -28. What is the units digit of b?
4
Let x = 5 + 2. Let a(z) = 2*z - 1 + 0 + 1 - 1. What is the tens digit of a(x)?
1
Let j(x) = -x**3 - 20*x**2 + 22*x + 25. What is the units digit of j(-21)?
4
Let p = -101 - -70. Let v = -16 - p. What is the units digit of v?
5
Let s(y) = y**2 + 8*y + 3. What is the units digit of s(-9)?
2
What is the tens digit of (-16)/3*(-3)/1?
1
Suppose d = -2*k - 0*d + 835, d = -3*k + 1255. What is the hundreds digit of k?
4
Suppose 6 + 46 = 4*q - m, -q - 4*m = 4. Let c = 20 - q. What is the units digit of c?
8
Suppose 0 = 3*i - 6. Suppose -2*g + i + 2 = 0. What is the units digit of (2/5)/(g/10)?
2
Let d(y) = y**2 + 4*y + 7. Let g be d(-5). Let t be g/(-10)*(0 - -10). What is the units digit of (2/6)/((-2)/t)?
2
Let q(p) = 2*p**3 + 3. Let u(d) = 4*d**3 + d + 5. Let k(v) = -5*q(v) + 3*u(v). What is the units digit of k(2)?
2
Suppose 3*w = -6, 2*w - 7*w - 54 = -2*s. What is the tens digit of s?
2
Let w be (1/2)/((-5)/40). Let u(g) = -5*g**2 - 5*g - 3. Let k be u(w). What is the units digit of (1/(-3))/(3/k)?
7
Suppose 5 = -4*s + 25. Suppose 34 + 56 = s*r. Suppose -24 = -5*w - 2*h, 2*w = 6*w + 2*h - r. What is the units digit of w?
6
Let u(x) = 2*x - 7. What is the units digit of u(6)?
5
Let h(p) = 4*p - 5. Let b be h(-2). Let f(v) = 5*v + 2. Let u be f(-2). Let o = u - b. What is the units digit of o?
5
Let c = 64 - 43. What is the tens digit of c?
2
Let x(b) = b**3 - 5*b**2 + 5*b - 4. Let z be x(5). Suppose -2 = 5*c - 4*q, -5*q + 5 = -6*c + c. Suppose -c*w = w - z. What is the units digit of w?
7
Suppose -4*q + 0 + 28 = 0. Let c = q - 1. What is the units digit of c?
6
Suppose 0*j + 4*j - 822 = -5*n, 4*n = -8. What is the tens digit of j?
0
Let a = 135 - -106. What is the tens digit of a?
4
Let a(t) = t**2 - 4*t - 1. Let l be a(4). Let q be (21/(-12))/(l/(-4)). Let z(p) = -p**3 - 8*p**2 - 8*p - 2. What is the units digit of z(q)?
5
Let g(w) be the second derivative of 1/3*w**3 - 2*w**2 + 0 + w. What is the units digit of g(4)?
4
Suppose -o - 5 = -22. Let f = -6 + o. What is the units digit of f?
1
Let y be 24/15 - (-4)/10. Suppose -87 = -4*s - 3*t, -s - 4*s = y*t - 100. What is the tens digit of s?
1
Let h(u) = -3*u - 1. Let a be h(1). Let j be ((-16)/(-6))/(a/(-6)). Suppose 2 - 6 = -j*r. What is the units digit of r?
1
Suppose -5*u = -u - 80. What is the tens digit of u?
2
Suppose 4*p = -2*k + 322, 2*k + 1 + 92 = p. What is the units digit of p?
3
Let s(n) = n + 3. Let o be s(0). Suppose -4*x + y = -26, -x - 1 = -o*y - 2. What is the units digit of x?
7
Suppose t - 7 = 3*y, 5*y - 37 = -3*t + 54. Let z = t - 15. What is the units digit of -2 + z + 0/2?
5
Let y = -7 - -22. What is the tens digit of y?
1
Suppose 5 = 3*f - 1. Let c be ((-1)/2)/((-4)/24). Suppose -c*h = l - 11, -l + 0 = -f. What is the units digit of h?
3
Let k(u) = -u + 10. Let n be k(7). Let w be ((-18)/15)/n*-5. Let s = 12 - w. What is the units digit of s?
0
Suppose 0 = 5*h - h - 68. What is the units digit of (-1 + h)/(2/6)?
8
Let m = -9 + 15. Let y(n) = -n**2 + 10*n - 9. Let l be y(m). Let v = l - 4. What is the tens digit of v?
1
Let r(f) = -7*f**2 - f + 1. Let d be r(1). Let v(l) = 2*l + 10. Let k be v(d). What is the tens digit of (-42)/k*8/6?
1
Suppose d + 4*d - 55 = -5*a, -2*a - 38 = -4*d. Suppose 4*u + d = 50. What is the units digit of u?
0
Let f = -5 - -1. Let p = 14 - f. What is the units digit of p?
8
Let j(c) = 3*c + 5. Let n be j(-8). Suppose 34 = 4*t - 5*t. Let x = n - t. What is the tens digit of x?
1
Let d be ((-1)/(-1))/((-4)/(-16)). Let x(u) = -u**2 + 4*u + 1. Let t be x(3). Suppose -11 = -3*y + t, 0 = 4*l - d*y. What is the units digit of l?
5
Suppose 5*m + 9 + 7 = -2*h, -3*m - 6 = 3*h. Let w(i) = i**2 + 4*i + 1. Let q be w(m). Suppose q = -2*k + 3. What is the units digit of k?
1
Suppose 132 = b - 65. What is the tens digit of b?
9
Suppose -3*b = -b - 22. Suppose 4*a = -0*a. Let x = b - a. What is the tens digit of x?
1
Let x be 1/(-1)*-2*-2. Let u = 7 + x. Suppose -3 - u = -j. What is the units digit of j?
6
Let y = 5 + -5. Suppose y*m + 80 = 5*m. What is the tens digit of m?
1
Let d(s) = -16*s - 10. What is the units digit of d(-6)?
6
Let c = 12 + -8. Let p = 0 + c. Let a = p - 3. What is the units digit of a?
1
Let m(w) = 0*w**3 + 5*w**2 + w**3 - 6*w + 0 + 4. What is the units digit of m(-6)?
4
Let b(l) = -l**3 - 4*l**2 - l. Let s(q) = q**2 + 7*q + 6. Let f be s(-5). What is the units digit of b(f)?
4
Suppose 4*v + 2*z = -34, -2*v = 6*z - 3*z + 11. Let h = -4 - v. Suppose m - 14 = -t + 2*m, -h = 3*m. What is the units digit of t?
2
Let i(v) = -v**3 + 6*v**2 - 3*v + 3. Let t be i(5). Let m = 20 - t. What is the units digit of m?
7
Let b be 6/(-21) - 260/(-28). What is the units digit of b/(2 + -2 - -1)?
9
Suppose 0 = -2*h + 31 + 9. Let k(i) = -i**3 - 6*i**2 - 4*i + 5. Let v be k(-6). Let u = v - h. What is the units digit of u?
9
Suppose -27 - 78 = -5*h + 4*m, -5*h + 130 = m. Suppose 3*l = -2*x + 74, x - 51 = -3*l + h. Let s = -3 + l. What is the units digit of s?
3
Let g = 2 + 11. What is the tens digit of g?
1
Let w(r) = r**3 - 10*r**2 + 2*r + 10. Let m be w(10). What is the units digit of (-2)/7 - m/(-7)?
4
Let o(q) = -q**2 + 7*q - 2. Let l be o(7). What is the units digit of (l/(-8))/((-2)/(-8))?
1
Let i = -122 + 241. What is the units digit of i?
9
Suppose 4*z = v - 19, 5*z + 24 - 1 = 2*v. Let l = -2 - z. Suppose 2*x - l*i - 63 = -2*x, -x = 2*i - 13. What is the tens digit of x?
1
Let n = -198 - -394. What is the tens digit of n?
9
Let v(g) = -3*g**3 - g**2. Let d be v(-1). Let q be 3/d*(-12)/(-9). Suppose -q*k + 4 = 2. What is the units digit of k?
1
Let j(y) = y + 1. Let d be j(2). Suppose 3*o = -3 - d. What is the units digit of 3 + o/(-2) + -2?
2
Suppose 3*o - 156 = h, -2*h - 162 = -3*o + h. Suppose -4*y + 5*f = -11 - o, 3*y + 2*f = 58. What is the tens digit of y?
1
Suppose 4*o = -4*j - 36, 2*o + 20 = -0*o - 4*j. What is the tens digit of (o/(-3))/((-4)/(-30))?
2
Let q(m) = -3*m + 8. Let j be q(-8). Suppose 24 = 4*b - j. What is the tens digit of b?
1
Let q(d) = 9*d**2 - 5*d - 38. What is the tens digit of q(-4)?
2
Let k(t) = 4 - 11 + 13 + 11 - t. What is the units digit of k(0)?
7
Let y = 20 - 7. Suppose 4*u + 5*v - 81 = y, 4*v - 44 = -2*u. What is the tens digit of u?
2
Suppose -4 - 4 = -2*c. Let i(y) = -y**2 + 8*y + 4. What is the units digit of i(c)?
0
Let a(x) = 10*x**2 + 3*x + 3. What is the units digit of a(-2)?
7
Let r be (-176)/(-28) - (-2)/(-7). Suppose -2*m = -r*m + 64. Let i = 23 - m. What is the units digit of i?
7
What is the tens digit of (99 - 34)*22/5?
8
Suppose -5*q - 4*z + 16 = 0, -5*q - 2*z = -3*q - 6. Let m(r) = 3*r + 2 + 0 + 0 + 1. What is the units digit of m(q)?
5
Let p = -144 - -158. Let i = -4 + -3. Let g = p + i. What is the units digit of g?
7
Suppose 0 = -3*o - 9 - 12. Let j(y) = -3*y**2 - 6*y + 5. Let m(f) = -4*f**2 - 6*f + 5. Let z(x) = -3*j(x) + 2*m(x). What is the units digit of z(o)?
2
Let i(h) = -10*h - 6. Let y(d) = 2*d + 1. Let x(s) = -3*i(s) - 14*y(s). Let z be x(-5). What is the units digit of (-8)/2 + 2 - z?
4
Suppose -3*r - h + 2 = 0, 4*r + 2*h + 3 - 5 = 0. What is the tens digit of 2/6*(r + 32)?
1
Let k(h) = -4*h**3 - h**2 - h - 7. Let n(b) = b**2 + 1. Let m(x) = -k(x) - 5*n(x). Let c be m(2). Suppose 7*t = 3*t + c. What is the units digit of t?
5
Suppose -21*x = -27*x + 1566. What is the tens digit of x?
6
Let v(m) = m - 2. Let n be v(6). Suppose 5*h = 16 + n. What is the units digit of h?
4
Let k be 234/(-10) - 2/(-5). Let c be k/(-5) - (-2)/5. Suppose 0 = c*w - 113 + 33. What is the tens digit of w?
1
Suppose -4*n - 2*r + 428 = -3*n, 4*n - 5*r - 1699 = 0. What is the tens digit 